-- Données pour la table JOURNAUX
INSERT INTO JOURNAUX(CODE_J ,TITRE ,PRIX , TYPE ,PERIODICITE ,ADR_J ) values
(115,'LIBERATION', 4.5,        'INFO','QUOTIDIEN','PARIS');
INSERT INTO JOURNAUX(CODE_J ,TITRE ,PRIX , TYPE ,PERIODICITE ,ADR_J ) values
(110,'LE MONDE', 4.5,        'INFO','QUOTIDIEN','PARIS');
INSERT INTO JOURNAUX(CODE_J ,TITRE ,PRIX , TYPE ,PERIODICITE ,ADR_J ) values
(120,'LA RECHERCHE',32.0,        'SCIENCE','MENSUEL','PARIS');
INSERT INTO JOURNAUX(CODE_J ,TITRE ,PRIX , TYPE ,PERIODICITE ,ADR_J ) values
(160,'ELLE',15.0,        'FEMININ','HEBDO','MONTROUGE');
INSERT INTO JOURNAUX(CODE_J ,TITRE ,PRIX , TYPE ,PERIODICITE ,ADR_J ) values
(165,'LE POINT',20.0,        'INFO','HEBDO','PARIS');
INSERT INTO JOURNAUX(CODE_J ,TITRE ,PRIX , TYPE ,PERIODICITE ,ADR_J ) values
(156,'SCIENCE ET VIE',20.0,        'SCIENCE','MENSUEL','PARIS');
INSERT INTO JOURNAUX(CODE_J ,TITRE ,PRIX , TYPE ,PERIODICITE ,ADR_J ) values
(184,'LE NOUVEL OBS',20.0,        'INFO','HEBDO','PARIS');
INSERT INTO JOURNAUX(CODE_J ,TITRE ,PRIX , TYPE ,PERIODICITE ,ADR_J ) values
(194,'MARIE CLAIRE',15.0,        'FEMININ','MENSUEL','MONTROUGE');
INSERT INTO JOURNAUX(CODE_J ,TITRE ,PRIX , TYPE ,PERIODICITE ,ADR_J ) values
(142,'TELERAMA',15.0,        'TELE','HEBDO','MONTROUGE');
INSERT INTO JOURNAUX(CODE_J ,TITRE ,PRIX , TYPE ,PERIODICITE ,ADR_J ) values
(145,'TELE 7 JOURS',15.0,        'TELE','HEBDO','PARIS');
INSERT INTO JOURNAUX(CODE_J ,TITRE ,PRIX , TYPE ,PERIODICITE ,ADR_J ) values
(147,'LE FIGARO', 5.0,        'INFO','QUOTIDIEN','PARIS');
INSERT INTO JOURNAUX(CODE_J ,TITRE ,PRIX , TYPE ,PERIODICITE ,ADR_J ) values
(153,'LE CANARD',20.0, NULL ,'HEBDO','MONTROUGE');
INSERT INTO JOURNAUX(CODE_J ,TITRE ,PRIX , TYPE ,PERIODICITE ,ADR_J ) values
(149,'L EXPRESS',20.0,        'INFO','HEBDO','PARIS');

-- Données pour la table DEPOSITAIRES
INSERT INTO  DEPOSITAIRES(N_DEP ,NOM_DEP , ADR ) values
(345,'CAFE LE FONTENAY','BURES');
INSERT INTO  DEPOSITAIRES(N_DEP ,NOM_DEP , ADR ) values
(328,'LE MOZARD','PARIS');
INSERT INTO  DEPOSITAIRES(N_DEP ,NOM_DEP , ADR ) values
(310,'CAFE DE LA GARE','BURES');
INSERT INTO  DEPOSITAIRES(N_DEP ,NOM_DEP , ADR ) values
(325,'CAFE DU COMMERCE','ORSAY');
INSERT INTO  DEPOSITAIRES(N_DEP ,NOM_DEP , ADR ) values
(378,'TABAC DU CENTRE','LIMOURS');
INSERT INTO  DEPOSITAIRES(N_DEP ,NOM_DEP , ADR ) values
(311,'CAFE DE PARIS','ARCUEIL');
INSERT INTO  DEPOSITAIRES(N_DEP ,NOM_DEP , ADR ) values
(324,'PRESSE_CITY','PARIS');
INSERT INTO  DEPOSITAIRES(N_DEP ,NOM_DEP , ADR ) values
(365,'CAFE DES AMIS','PARIS');
INSERT INTO  DEPOSITAIRES(N_DEP ,NOM_DEP , ADR ) values
(357,'CAFE DE LA GARE','PARIS');
INSERT INTO  DEPOSITAIRES(N_DEP ,NOM_DEP , ADR ) values
(379,'LES BRASSEURS','PARIS');
INSERT INTO  DEPOSITAIRES(N_DEP ,NOM_DEP , ADR ) values
(381,'L''AVENTURE','BREUILLET');

-- Données pour la table LIVRAISONS
INSERT INTO  LIVRAISONS(N_DEP ,CODE_J ,DATE_L , QTE_L ,QTE_R ) values
(345,115, to_date('2017-124','YYYY-DDD') , 40  ,2  );
INSERT INTO  LIVRAISONS(N_DEP ,CODE_J ,DATE_L , QTE_L ,QTE_R ) values
(345,110, to_date('2017-125','YYYY-DDD') , 48  ,1  );
INSERT INTO  LIVRAISONS(N_DEP ,CODE_J ,DATE_L , QTE_L ,QTE_R ) values
(345,165, to_date('2017-125','YYYY-DDD') , 10  ,2  );
INSERT INTO  LIVRAISONS(N_DEP ,CODE_J ,DATE_L , QTE_L ,QTE_R ) values
(328,115, to_date('2017-126','YYYY-DDD') , 10  ,1  );
INSERT INTO  LIVRAISONS(N_DEP ,CODE_J ,DATE_L , QTE_L ,QTE_R ) values
(328,110, to_date('2017-125','YYYY-DDD') , 20  ,0  );
INSERT INTO  LIVRAISONS(N_DEP ,CODE_J ,DATE_L , QTE_L ,QTE_R ) values
(310,165, to_date('2017-121','YYYY-DDD') , 24  ,3  );
INSERT INTO  LIVRAISONS(N_DEP ,CODE_J ,DATE_L , QTE_L ,QTE_R ) values
(310,142, to_date('2017-121','YYYY-DDD') , 50  ,5  );
INSERT INTO  LIVRAISONS(N_DEP ,CODE_J ,DATE_L , QTE_L ,QTE_R ) values
(379,165, to_date('2017-100','YYYY-DDD') , 100 ,4  );
INSERT INTO  LIVRAISONS(N_DEP ,CODE_J ,DATE_L , QTE_L ,QTE_R ) values
(328,110, to_date('2017-100','YYYY-DDD') , 30  ,1  );
INSERT INTO  LIVRAISONS(N_DEP ,CODE_J ,DATE_L , QTE_L ,QTE_R ) values
(310,165, to_date('2017-100','YYYY-DDD') , 50  ,5  );
INSERT INTO  LIVRAISONS(N_DEP ,CODE_J ,DATE_L , QTE_L ,QTE_R ) values
(379,115, to_date('2017-116','YYYY-DDD') , 44  ,0  );
INSERT INTO  LIVRAISONS(N_DEP ,CODE_J ,DATE_L , QTE_L ,QTE_R ) values
(379,110, to_date('2017-110','YYYY-DDD') , 40  ,0  );
INSERT INTO  LIVRAISONS(N_DEP ,CODE_J ,DATE_L , QTE_L ,QTE_R ) values
(379,165, to_date('2017-121','YYYY-DDD') , 80  ,0  );
INSERT INTO  LIVRAISONS(N_DEP ,CODE_J ,DATE_L , QTE_L ,QTE_R ) values
(328,110, to_date('2017-102','YYYY-DDD') , 30  ,3  );
INSERT INTO  LIVRAISONS(N_DEP ,CODE_J ,DATE_L , QTE_L ,QTE_R ) values
(328,194, to_date('2017-025','YYYY-DDD') , 12  ,1  );
INSERT INTO  LIVRAISONS(N_DEP ,CODE_J ,DATE_L , QTE_L ,QTE_R ) values
(324,194, to_date('2017-054','YYYY-DDD') , 10  ,2  );
INSERT INTO  LIVRAISONS(N_DEP ,CODE_J ,DATE_L , QTE_L ,QTE_R ) values
(365,194, to_date('2017-064','YYYY-DDD') , 25  ,0  );
INSERT INTO  LIVRAISONS(N_DEP ,CODE_J ,DATE_L , QTE_L ,QTE_R ) values
(357,194, to_date('2017-067','YYYY-DDD') , 18  ,3  );
INSERT INTO  LIVRAISONS(N_DEP ,CODE_J ,DATE_L , QTE_L ,QTE_R ) values
(379,194, to_date('2017-098','YYYY-DDD') , 15  ,4  );
INSERT INTO  LIVRAISONS(N_DEP ,CODE_J ,DATE_L , QTE_L ,QTE_R ) values
(381,115, to_date('2017-024','YYYY-DDD') , 20  ,0  );
INSERT INTO  LIVRAISONS(N_DEP ,CODE_J ,DATE_L , QTE_L ,QTE_R ) values
(381,120, to_date('2017-025','YYYY-DDD') , 25  ,0  );
INSERT INTO  LIVRAISONS(N_DEP ,CODE_J ,DATE_L , QTE_L ,QTE_R ) values
(381,160, to_date('2017-026','YYYY-DDD') , 24  ,0  );
INSERT INTO  LIVRAISONS(N_DEP ,CODE_J ,DATE_L , QTE_L ,QTE_R ) values
(381,165, to_date('2017-023','YYYY-DDD') , 20  ,0  );
INSERT INTO  LIVRAISONS(N_DEP ,CODE_J ,DATE_L , QTE_L ,QTE_R ) values
(381,156, to_date('2017-025','YYYY-DDD') , 25  ,0  );
INSERT INTO  LIVRAISONS(N_DEP ,CODE_J ,DATE_L , QTE_L ,QTE_R ) values
(381,184, to_date('2017-098','YYYY-DDD') , 30  ,1  );
INSERT INTO  LIVRAISONS(N_DEP ,CODE_J ,DATE_L , QTE_L ,QTE_R ) values
(381,194, to_date('2017-024','YYYY-DDD') , 10  ,0  );
INSERT INTO  LIVRAISONS(N_DEP ,CODE_J ,DATE_L , QTE_L ,QTE_R ) values
(381,142, to_date('2017-053','YYYY-DDD') , 50  ,4  );
INSERT INTO  LIVRAISONS(N_DEP ,CODE_J ,DATE_L , QTE_L ,QTE_R ) values
(381,145, to_date('2017-029','YYYY-DDD') , 10  ,0  );
INSERT INTO  LIVRAISONS(N_DEP ,CODE_J ,DATE_L , QTE_L ,QTE_R ) values
(381,147, to_date('2017-023','YYYY-DDD') , 20  ,0  );
INSERT INTO  LIVRAISONS(N_DEP ,CODE_J ,DATE_L , QTE_L ,QTE_R ) values
(381,153, to_date('2017-023','YYYY-DDD') , 20  ,0  );
INSERT INTO  LIVRAISONS(N_DEP ,CODE_J ,DATE_L , QTE_L ,QTE_R ) values
(381,149, to_date('2017-053','YYYY-DDD') , 40  ,4  );
INSERT INTO  LIVRAISONS(N_DEP ,CODE_J ,DATE_L , QTE_L ,QTE_R ) values
(381,110, to_date('2017-023','YYYY-DDD') , 20  ,0  );
